{"id":25901,"date":"2025-10-28T14:27:48","date_gmt":"2025-10-28T17:27:48","guid":{"rendered":"https:\/\/malebarraco.com\/blog\/?page_id=25901"},"modified":"2025-12-22T13:20:48","modified_gmt":"2025-12-22T16:20:48","slug":"mirador-inmobiliario","status":"publish","type":"page","link":"https:\/\/malebarraco.com\/blog\/mirador-inmobiliario\/","title":{"rendered":"Mirador Inmobiliario"},"content":{"rendered":"\n<div class=\"wp-block-uagb-container bienvenida-mirador-inmobiliario uagb-block-fc9ec744 alignfull uagb-is-root-container\"><div class=\"uagb-container-inner-blocks-wrap\">\n<div data-aos= \"fade-up\" data-aos-duration=\"400\" data-aos-delay=\"0\" data-aos-easing=\"ease\" data-aos-once=\"true\" class=\"wp-block-uagb-advanced-heading uagb-block-da5e09b5\"><h1 class=\"uagb-heading-text\">Mirador Inmobiliario<\/h1><p class=\"uagb-desc-text\"><strong>Datos precisos para que tomes decisiones inteligentes<\/strong>.<\/p><\/div>\n<\/div><\/div>\n\n\n\n<div data-aos= \"fade-up\" data-aos-duration=\"400\" data-aos-delay=\"0\" data-aos-easing=\"ease\" data-aos-once=\"true\" class=\"wp-block-uagb-container hero-mirador-inmobiliario uagb-block-c47f83dd alignfull uagb-is-root-container\">\n<p class=\"has-text-align-center has-ast-global-color-5-color has-text-color has-link-color wp-elements-8d9a959248fae88d5f1140a30dbc8f42\"><strong>\u00bfSOBRE QU\u00c9 QUER\u00c9S CONOCER?<\/strong><\/p>\n<\/div>\n\n\n\n<div class=\"wp-block-uagb-container uagb-block-d50a6b6a alignfull uagb-is-root-container\"><div class=\"uagb-container-inner-blocks-wrap\">\n<p class=\"has-text-align-center\">Ya seas desarrollador, inmobiliaria, inversor o curioso del mercado, nuestras estad\u00edsticas te permiten entender mejor el panorama inmobiliario y detectar oportunidades reales.<\/p>\n\n\n      \n\t\t\t<div class=\"uagb-icon-wrapper uagb-block-5367a38a      \"\n\t\t\tstyle=\"\" >\n\t\t\t\t\t\t\t\t\t<span class=\"uagb-svg-wrapper\" \n\t\t\t\t\t aria-label=\"angle-down\"\t\t\t\t\ttabindex=\"0\">\t\t\n\t\t\t\t\t\t\t\t\t\t<svg xmlns=\"https:\/\/www.w3.org\/2000\/svg\" viewBox= \"0 0 384 512\" role=\"graphics-symbol\" aria-hidden=\"false\" aria-label=\"\"><path d=\"M192 384c-8.188 0-16.38-3.125-22.62-9.375l-160-160c-12.5-12.5-12.5-32.75 0-45.25s32.75-12.5 45.25 0L192 306.8l137.4-137.4c12.5-12.5 32.75-12.5 45.25 0s12.5 32.75 0 45.25l-160 160C208.4 380.9 200.2 384 192 384z\"><\/path><\/svg>\n\t\t\t\t\t\t\t\t\t<\/span>\n\t\t\t\t\t\t\t<\/div>\n\t\t\t<\/div><\/div>\n\n\n\n<div class=\"wp-block-uagb-container uagb-block-1c908406 alignfull uagb-is-root-container\"><div class=\"uagb-container-inner-blocks-wrap\">\t\t\t\t\t<div\n\t\t\t\t\t\tclass=\"wp-block-uagb-image-gallery uagb-block-c0db08d8 feed-estadisticas    \"\n\t\t\t\t\t\tstyle=\"\"\n\t\t\t\t\t>\n\t\t\t\t\t\t\t\t\t\t\t<div data-aos= \"fade-up\" data-aos-duration=\"400\" data-aos-delay=\"0\" data-aos-easing=\"ease\" data-aos-once=\"true\" class=\"spectra-image-gallery spectra-image-gallery__layout--grid spectra-image-gallery__layout--grid-col-4 spectra-image-gallery__layout--grid-col-tab-3 spectra-image-gallery__layout--grid-col-mob-2\">\n\t\t\t\t\t\t\t\t\t\t\t<div class='spectra-image-gallery__media-wrapper' data-spectra-gallery-image-id='25576' tabindex=\"0\">\n\t\t\t\t\t\t\t<div class=\"spectra-image-gallery__media spectra-image-gallery__media--grid\">\n\t\t\t\t<picture>\n\t\t\t\t\t<source media=\"(min-width: 1024px)\" srcset=\"https:\/\/malebarraco.com\/blog\/wp-content\/uploads\/2025\/02\/6751b6423a86487ebd0d67df_2-1-1024x521.jpg\">\n\t\t\t\t\t<source media=\"(min-width: 768px)\" srcset=\"https:\/\/malebarraco.com\/blog\/wp-content\/uploads\/2025\/02\/6751b6423a86487ebd0d67df_2-1-1024x521.jpg\">\n\t\t\t\t\t<img decoding=\"async\" class=\"spectra-image-gallery__media-thumbnail spectra-image-gallery__media-thumbnail--grid\" src=\"https:\/\/malebarraco.com\/blog\/wp-content\/uploads\/2025\/02\/6751b6423a86487ebd0d67df_2-1-300x153.jpg\" alt=\"\" loading=\"lazy\" \/>\n\t\t\t\t<\/picture>\n\t\t\t\t<div class=\"spectra-image-gallery__media-thumbnail-blurrer\"><\/div>\n\t\t\t\t\t\t\t\t\t\t\t<div class=\"spectra-image-gallery__media-thumbnail-caption-wrapper spectra-image-gallery__media-thumbnail-caption-wrapper--overlay\">\n\t\t\t\t\t\t\t\t\t\t\t<div class=\"spectra-image-gallery__media-thumbnail-caption spectra-image-gallery__media-thumbnail-caption--overlay\">\n\t\t\t\t\t<a href=\"#01\">Precios<\/a>\t\t\t\t<\/div>\n\t\t\t\t\t\t\t\t\t\t<\/div>\n\t\t\t\t\t\t\t\t\t<\/div>\n\t\t\t\t\t\t<\/div>\n\t\t\t\t\t\t<div class='spectra-image-gallery__media-wrapper' data-spectra-gallery-image-id='25552' tabindex=\"0\">\n\t\t\t\t\t\t\t<div class=\"spectra-image-gallery__media spectra-image-gallery__media--grid\">\n\t\t\t\t<picture>\n\t\t\t\t\t<source media=\"(min-width: 1024px)\" srcset=\"https:\/\/malebarraco.com\/blog\/wp-content\/uploads\/2025\/02\/677fea4c59142980f29f0f7e_10-1-1024x521.png\">\n\t\t\t\t\t<source media=\"(min-width: 768px)\" srcset=\"https:\/\/malebarraco.com\/blog\/wp-content\/uploads\/2025\/02\/677fea4c59142980f29f0f7e_10-1-1024x521.png\">\n\t\t\t\t\t<img decoding=\"async\" class=\"spectra-image-gallery__media-thumbnail spectra-image-gallery__media-thumbnail--grid\" src=\"https:\/\/malebarraco.com\/blog\/wp-content\/uploads\/2025\/02\/677fea4c59142980f29f0f7e_10-1-300x153.png\" alt=\"\" loading=\"lazy\" \/>\n\t\t\t\t<\/picture>\n\t\t\t\t<div class=\"spectra-image-gallery__media-thumbnail-blurrer\"><\/div>\n\t\t\t\t\t\t\t\t\t\t\t<div class=\"spectra-image-gallery__media-thumbnail-caption-wrapper spectra-image-gallery__media-thumbnail-caption-wrapper--overlay\">\n\t\t\t\t\t\t\t\t\t\t\t<div class=\"spectra-image-gallery__media-thumbnail-caption spectra-image-gallery__media-thumbnail-caption--overlay\">\n\t\t\t\t\t<a href=\"#02\">Oferta<\/a>\t\t\t\t<\/div>\n\t\t\t\t\t\t\t\t\t\t<\/div>\n\t\t\t\t\t\t\t\t\t<\/div>\n\t\t\t\t\t\t<\/div>\n\t\t\t\t\t\t<div class='spectra-image-gallery__media-wrapper' data-spectra-gallery-image-id='25268' tabindex=\"0\">\n\t\t\t\t\t\t\t<div class=\"spectra-image-gallery__media spectra-image-gallery__media--grid\">\n\t\t\t\t<picture>\n\t\t\t\t\t<source media=\"(min-width: 1024px)\" srcset=\"https:\/\/malebarraco.com\/blog\/wp-content\/uploads\/2025\/02\/6751b6eddcbb97f2c19cee36_14-1-1024x521.jpg\">\n\t\t\t\t\t<source media=\"(min-width: 768px)\" srcset=\"https:\/\/malebarraco.com\/blog\/wp-content\/uploads\/2025\/02\/6751b6eddcbb97f2c19cee36_14-1-1024x521.jpg\">\n\t\t\t\t\t<img decoding=\"async\" class=\"spectra-image-gallery__media-thumbnail spectra-image-gallery__media-thumbnail--grid\" src=\"https:\/\/malebarraco.com\/blog\/wp-content\/uploads\/2025\/02\/6751b6eddcbb97f2c19cee36_14-1-300x153.jpg\" alt=\"\" loading=\"lazy\" \/>\n\t\t\t\t<\/picture>\n\t\t\t\t<div class=\"spectra-image-gallery__media-thumbnail-blurrer\"><\/div>\n\t\t\t\t\t\t\t\t\t\t\t<div class=\"spectra-image-gallery__media-thumbnail-caption-wrapper spectra-image-gallery__media-thumbnail-caption-wrapper--overlay\">\n\t\t\t\t\t\t\t\t\t\t\t<div class=\"spectra-image-gallery__media-thumbnail-caption spectra-image-gallery__media-thumbnail-caption--overlay\">\n\t\t\t\t\tOportunidades\t\t\t\t<\/div>\n\t\t\t\t\t\t\t\t\t\t<\/div>\n\t\t\t\t\t\t\t\t\t<\/div>\n\t\t\t\t\t\t<\/div>\n\t\t\t\t\t\t<div class='spectra-image-gallery__media-wrapper' data-spectra-gallery-image-id='25263' tabindex=\"0\">\n\t\t\t\t\t\t\t<div class=\"spectra-image-gallery__media spectra-image-gallery__media--grid\">\n\t\t\t\t<picture>\n\t\t\t\t\t<source media=\"(min-width: 1024px)\" srcset=\"https:\/\/malebarraco.com\/blog\/wp-content\/uploads\/2025\/02\/2151015229-1024x576.jpg\">\n\t\t\t\t\t<source media=\"(min-width: 768px)\" srcset=\"https:\/\/malebarraco.com\/blog\/wp-content\/uploads\/2025\/02\/2151015229-1024x576.jpg\">\n\t\t\t\t\t<img decoding=\"async\" class=\"spectra-image-gallery__media-thumbnail spectra-image-gallery__media-thumbnail--grid\" src=\"https:\/\/malebarraco.com\/blog\/wp-content\/uploads\/2025\/02\/2151015229-300x169.jpg\" alt=\"Imagen sobre c\u00f3mo las ventas en Buenos Aires impulsan el mercado inmobiliario de Merlo San Luis.\" loading=\"lazy\" \/>\n\t\t\t\t<\/picture>\n\t\t\t\t<div class=\"spectra-image-gallery__media-thumbnail-blurrer\"><\/div>\n\t\t\t\t\t\t\t\t\t\t\t<div class=\"spectra-image-gallery__media-thumbnail-caption-wrapper spectra-image-gallery__media-thumbnail-caption-wrapper--overlay\">\n\t\t\t\t\t\t\t\t\t\t\t<div class=\"spectra-image-gallery__media-thumbnail-caption spectra-image-gallery__media-thumbnail-caption--overlay\">\n\t\t\t\t\tExpectativas\t\t\t\t<\/div>\n\t\t\t\t\t\t\t\t\t\t<\/div>\n\t\t\t\t\t\t\t\t\t<\/div>\n\t\t\t\t\t\t<\/div>\n\t\t\t\t\t\t\t\t\t\t<\/div>\n\t\t\t\t\t\t\t\t\t\t\t\t\t\t\t\t\t\t<\/div>\n\t\t\t\t\t\t\t\t\t<\/div><\/div>\n\n\n\n<div id=\"01\" class=\"wp-block-uagb-container uagb-block-c85fb3ff alignfull uagb-is-root-container\">\n<p class=\"has-text-align-center titulo-estadisticas\">Precios<\/p>\n\n\n\n<script id=\"infogram_0_72042d05-04c2-42b6-ba7b-b8066ad13a96\" title=\"Precio del metro cuadrado en el Corredor Comechingones\" src=\"https:\/\/e.infogram.com\/js\/dist\/embed.js?ZrO\" type=\"text\/javascript\"><\/script><div style=\"padding:8px 0;font-family:Arial!important;font-size:13px!important;line-height:15px!important;text-align:center;border-top:1px solid #dadada;margin:0 30px\"><a href=\"https:\/\/infogram.com\/precio-del-metro-cuadrado-en-el-corredor-comechingones-1hxj48mqv0p8q2v\" style=\"color:#989898!important;text-decoration:none!important;\" target=\"_blank\">Precio del metro cuadrado en el Corredor Comechingones<\/a><br><a href=\"https:\/\/infogram.com\" style=\"color:#989898!important;text-decoration:none!important;\" target=\"_blank\" rel=\"nofollow\">Infogram<\/a><\/div>\n<\/div>\n\n\n\n<div id=\"01\" class=\"wp-block-uagb-container uagb-block-dd0d5e20 alignfull uagb-is-root-container\">\n<p class=\"has-text-align-center titulo-estadisticas\">Tipos de unidades<\/p>\n\n\n\n<script id=\"infogram_0_b526497b-76e6-49fc-836e-ba4d305c86de\" title=\"Crecimiento de Merlo San Luis\" src=\"https:\/\/e.infogram.com\/js\/dist\/embed.js?mn2\" type=\"text\/javascript\"><\/script><div style=\"padding:8px 0;font-family:Arial!important;font-size:13px!important;line-height:15px!important;text-align:center;border-top:1px solid #dadada;margin:0 30px\"><a href=\"https:\/\/infogram.com\/crecimiento-de-merlo-san-luis-1hxj48mq8lndq2v\" style=\"color:#989898!important;text-decoration:none!important;\" target=\"_blank\">Crecimiento de Merlo San Luis<\/a><br><a href=\"https:\/\/infogram.com\" style=\"color:#989898!important;text-decoration:none!important;\" target=\"_blank\" rel=\"nofollow\">Infogram<\/a><\/div>\n<\/div>\n\n\n\n<div id=\"01\" class=\"wp-block-uagb-container uagb-block-3da5cc8e alignfull uagb-is-root-container\">\n<p class=\"has-text-align-center titulo-estadisticas\">Crecimiento poblacional<\/p>\n\n\n\n<figure class=\"wp-block-image aligncenter size-full\"><img loading=\"lazy\" decoding=\"async\" width=\"687\" height=\"642\" src=\"https:\/\/malebarraco.com\/blog\/wp-content\/uploads\/2025\/12\/WhatsApp-Image-2025-12-10-at-16.33.10.jpeg\" alt=\"\" class=\"wp-image-26003\" srcset=\"https:\/\/malebarraco.com\/blog\/wp-content\/uploads\/2025\/12\/WhatsApp-Image-2025-12-10-at-16.33.10.jpeg 687w, https:\/\/malebarraco.com\/blog\/wp-content\/uploads\/2025\/12\/WhatsApp-Image-2025-12-10-at-16.33.10-300x280.jpeg 300w\" sizes=\"auto, (max-width: 687px) 100vw, 687px\" \/><\/figure>\n<\/div>\n","protected":false},"excerpt":{"rendered":"<p>Mirador Inmobiliario Datos precisos para que tomes decisiones inteligentes. \u00bfSOBRE QU\u00c9 QUER\u00c9S CONOCER? Ya seas desarrollador, inmobiliaria, inversor o curioso del mercado, nuestras estad\u00edsticas te permiten entender mejor el panorama inmobiliario y detectar oportunidades reales. Precios Precio del metro cuadrado en el Corredor ComechingonesInfogram Tipos de unidades Crecimiento de Merlo San LuisInfogram Crecimiento poblacional<\/p>\n","protected":false},"author":1,"featured_media":0,"parent":0,"menu_order":0,"comment_status":"closed","ping_status":"closed","template":"","meta":{"_uag_custom_page_level_css":".page-id-25901 article.post-25901 {\n\tpadding: 0;\n}","site-sidebar-layout":"default","site-content-layout":"","ast-site-content-layout":"normal-width-container","site-content-style":"unboxed","site-sidebar-style":"default","ast-global-header-display":"","ast-banner-title-visibility":"","ast-main-header-display":"","ast-hfb-above-header-display":"","ast-hfb-below-header-display":"","ast-hfb-mobile-header-display":"","site-post-title":"disabled","ast-breadcrumbs-content":"","ast-featured-img":"","footer-sml-layout":"","theme-transparent-header-meta":"","adv-header-id-meta":"","stick-header-meta":"","header-above-stick-meta":"","header-main-stick-meta":"","header-below-stick-meta":"","astra-migrate-meta-layouts":"set","ast-page-background-enabled":"default","ast-page-background-meta":{"desktop":{"background-color":"","background-image":"","background-repeat":"repeat","background-position":"center center","background-size":"auto","background-attachment":"scroll","background-type":"","background-media":"","overlay-type":"","overlay-color":"","overlay-opacity":"","overlay-gradient":""},"tablet":{"background-color":"","background-image":"","background-repeat":"repeat","background-position":"center center","background-size":"auto","background-attachment":"scroll","background-type":"","background-media":"","overlay-type":"","overlay-color":"","overlay-opacity":"","overlay-gradient":""},"mobile":{"background-color":"","background-image":"","background-repeat":"repeat","background-position":"center center","background-size":"auto","background-attachment":"scroll","background-type":"","background-media":"","overlay-type":"","overlay-color":"","overlay-opacity":"","overlay-gradient":""}},"ast-content-background-meta":{"desktop":{"background-color":"var(--ast-global-color-5)","background-image":"","background-repeat":"repeat","background-position":"center center","background-size":"auto","background-attachment":"scroll","background-type":"","background-media":"","overlay-type":"","overlay-color":"","overlay-opacity":"","overlay-gradient":""},"tablet":{"background-color":"var(--ast-global-color-5)","background-image":"","background-repeat":"repeat","background-position":"center center","background-size":"auto","background-attachment":"scroll","background-type":"","background-media":"","overlay-type":"","overlay-color":"","overlay-opacity":"","overlay-gradient":""},"mobile":{"background-color":"var(--ast-global-color-5)","background-image":"","background-repeat":"repeat","background-position":"center center","background-size":"auto","background-attachment":"scroll","background-type":"","background-media":"","overlay-type":"","overlay-color":"","overlay-opacity":"","overlay-gradient":""}},"footnotes":""},"class_list":["post-25901","page","type-page","status-publish","hentry"],"yoast_head":"<!-- This site is optimized with the Yoast SEO plugin v25.3.1 - https:\/\/yoast.com\/wordpress\/plugins\/seo\/ -->\n<title>Mirador Inmobiliario - Male Barraco Inmobiliaria<\/title>\n<meta name=\"robots\" content=\"index, follow, max-snippet:-1, max-image-preview:large, max-video-preview:-1\" \/>\n<link rel=\"canonical\" href=\"https:\/\/malebarraco.com\/blog\/mirador-inmobiliario\/\" \/>\n<meta property=\"og:locale\" content=\"es_ES\" \/>\n<meta property=\"og:type\" content=\"article\" \/>\n<meta property=\"og:title\" content=\"Mirador Inmobiliario - Male Barraco Inmobiliaria\" \/>\n<meta property=\"og:description\" content=\"Mirador Inmobiliario Datos precisos para que tomes decisiones inteligentes. \u00bfSOBRE QU\u00c9 QUER\u00c9S CONOCER? Ya seas desarrollador, inmobiliaria, inversor o curioso del mercado, nuestras estad\u00edsticas te permiten entender mejor el panorama inmobiliario y detectar oportunidades reales. Precios Precio del metro cuadrado en el Corredor ComechingonesInfogram Tipos de unidades Crecimiento de Merlo San LuisInfogram Crecimiento poblacional\" \/>\n<meta property=\"og:url\" content=\"https:\/\/malebarraco.com\/blog\/mirador-inmobiliario\/\" \/>\n<meta property=\"og:site_name\" content=\"Male Barraco Inmobiliaria\" \/>\n<meta property=\"article:modified_time\" content=\"2025-12-22T16:20:48+00:00\" \/>\n<meta property=\"og:image\" content=\"https:\/\/malebarraco.com\/blog\/wp-content\/uploads\/2025\/12\/WhatsApp-Image-2025-12-10-at-16.33.10.jpeg\" \/>\n<meta name=\"twitter:card\" content=\"summary_large_image\" \/>\n<meta name=\"twitter:label1\" content=\"Tiempo de lectura\" \/>\n\t<meta name=\"twitter:data1\" content=\"1 minuto\" \/>\n<script type=\"application\/ld+json\" class=\"yoast-schema-graph\">{\"@context\":\"https:\/\/schema.org\",\"@graph\":[{\"@type\":\"WebPage\",\"@id\":\"https:\/\/malebarraco.com\/blog\/mirador-inmobiliario\/\",\"url\":\"https:\/\/malebarraco.com\/blog\/mirador-inmobiliario\/\",\"name\":\"Mirador Inmobiliario - Male Barraco Inmobiliaria\",\"isPartOf\":{\"@id\":\"https:\/\/malebarraco.com\/blog\/#website\"},\"primaryImageOfPage\":{\"@id\":\"https:\/\/malebarraco.com\/blog\/mirador-inmobiliario\/#primaryimage\"},\"image\":{\"@id\":\"https:\/\/malebarraco.com\/blog\/mirador-inmobiliario\/#primaryimage\"},\"thumbnailUrl\":\"https:\/\/malebarraco.com\/blog\/wp-content\/uploads\/2025\/12\/WhatsApp-Image-2025-12-10-at-16.33.10.jpeg\",\"datePublished\":\"2025-10-28T17:27:48+00:00\",\"dateModified\":\"2025-12-22T16:20:48+00:00\",\"breadcrumb\":{\"@id\":\"https:\/\/malebarraco.com\/blog\/mirador-inmobiliario\/#breadcrumb\"},\"inLanguage\":\"es\",\"potentialAction\":[{\"@type\":\"ReadAction\",\"target\":[\"https:\/\/malebarraco.com\/blog\/mirador-inmobiliario\/\"]}]},{\"@type\":\"ImageObject\",\"inLanguage\":\"es\",\"@id\":\"https:\/\/malebarraco.com\/blog\/mirador-inmobiliario\/#primaryimage\",\"url\":\"https:\/\/malebarraco.com\/blog\/wp-content\/uploads\/2025\/12\/WhatsApp-Image-2025-12-10-at-16.33.10.jpeg\",\"contentUrl\":\"https:\/\/malebarraco.com\/blog\/wp-content\/uploads\/2025\/12\/WhatsApp-Image-2025-12-10-at-16.33.10.jpeg\",\"width\":687,\"height\":642},{\"@type\":\"BreadcrumbList\",\"@id\":\"https:\/\/malebarraco.com\/blog\/mirador-inmobiliario\/#breadcrumb\",\"itemListElement\":[{\"@type\":\"ListItem\",\"position\":1,\"name\":\"Portada\",\"item\":\"https:\/\/malebarraco.com\/blog\/\"},{\"@type\":\"ListItem\",\"position\":2,\"name\":\"Mirador Inmobiliario\"}]},{\"@type\":\"WebSite\",\"@id\":\"https:\/\/malebarraco.com\/blog\/#website\",\"url\":\"https:\/\/malebarraco.com\/blog\/\",\"name\":\"Male Barraco Inmobiliaria\",\"description\":\"Propiedades en Merlo San Luis\",\"publisher\":{\"@id\":\"https:\/\/malebarraco.com\/blog\/#organization\"},\"potentialAction\":[{\"@type\":\"SearchAction\",\"target\":{\"@type\":\"EntryPoint\",\"urlTemplate\":\"https:\/\/malebarraco.com\/blog\/?s={search_term_string}\"},\"query-input\":{\"@type\":\"PropertyValueSpecification\",\"valueRequired\":true,\"valueName\":\"search_term_string\"}}],\"inLanguage\":\"es\"},{\"@type\":\"Organization\",\"@id\":\"https:\/\/malebarraco.com\/blog\/#organization\",\"name\":\"Male Barraco Inmobiliaria\",\"url\":\"https:\/\/malebarraco.com\/blog\/\",\"logo\":{\"@type\":\"ImageObject\",\"inLanguage\":\"es\",\"@id\":\"https:\/\/malebarraco.com\/blog\/#\/schema\/logo\/image\/\",\"url\":\"https:\/\/malebarraco.com\/blog\/wp-content\/uploads\/2025\/01\/logo-2.png\",\"contentUrl\":\"https:\/\/malebarraco.com\/blog\/wp-content\/uploads\/2025\/01\/logo-2.png\",\"width\":625,\"height\":203,\"caption\":\"Male Barraco Inmobiliaria\"},\"image\":{\"@id\":\"https:\/\/malebarraco.com\/blog\/#\/schema\/logo\/image\/\"}}]}<\/script>\n<!-- \/ Yoast SEO plugin. -->","yoast_head_json":{"title":"Mirador Inmobiliario - Male Barraco Inmobiliaria","robots":{"index":"index","follow":"follow","max-snippet":"max-snippet:-1","max-image-preview":"max-image-preview:large","max-video-preview":"max-video-preview:-1"},"canonical":"https:\/\/malebarraco.com\/blog\/mirador-inmobiliario\/","og_locale":"es_ES","og_type":"article","og_title":"Mirador Inmobiliario - Male Barraco Inmobiliaria","og_description":"Mirador Inmobiliario Datos precisos para que tomes decisiones inteligentes. \u00bfSOBRE QU\u00c9 QUER\u00c9S CONOCER? Ya seas desarrollador, inmobiliaria, inversor o curioso del mercado, nuestras estad\u00edsticas te permiten entender mejor el panorama inmobiliario y detectar oportunidades reales. Precios Precio del metro cuadrado en el Corredor ComechingonesInfogram Tipos de unidades Crecimiento de Merlo San LuisInfogram Crecimiento poblacional","og_url":"https:\/\/malebarraco.com\/blog\/mirador-inmobiliario\/","og_site_name":"Male Barraco Inmobiliaria","article_modified_time":"2025-12-22T16:20:48+00:00","og_image":[{"url":"https:\/\/malebarraco.com\/blog\/wp-content\/uploads\/2025\/12\/WhatsApp-Image-2025-12-10-at-16.33.10.jpeg","type":"","width":"","height":""}],"twitter_card":"summary_large_image","twitter_misc":{"Tiempo de lectura":"1 minuto"},"schema":{"@context":"https:\/\/schema.org","@graph":[{"@type":"WebPage","@id":"https:\/\/malebarraco.com\/blog\/mirador-inmobiliario\/","url":"https:\/\/malebarraco.com\/blog\/mirador-inmobiliario\/","name":"Mirador Inmobiliario - Male Barraco Inmobiliaria","isPartOf":{"@id":"https:\/\/malebarraco.com\/blog\/#website"},"primaryImageOfPage":{"@id":"https:\/\/malebarraco.com\/blog\/mirador-inmobiliario\/#primaryimage"},"image":{"@id":"https:\/\/malebarraco.com\/blog\/mirador-inmobiliario\/#primaryimage"},"thumbnailUrl":"https:\/\/malebarraco.com\/blog\/wp-content\/uploads\/2025\/12\/WhatsApp-Image-2025-12-10-at-16.33.10.jpeg","datePublished":"2025-10-28T17:27:48+00:00","dateModified":"2025-12-22T16:20:48+00:00","breadcrumb":{"@id":"https:\/\/malebarraco.com\/blog\/mirador-inmobiliario\/#breadcrumb"},"inLanguage":"es","potentialAction":[{"@type":"ReadAction","target":["https:\/\/malebarraco.com\/blog\/mirador-inmobiliario\/"]}]},{"@type":"ImageObject","inLanguage":"es","@id":"https:\/\/malebarraco.com\/blog\/mirador-inmobiliario\/#primaryimage","url":"https:\/\/malebarraco.com\/blog\/wp-content\/uploads\/2025\/12\/WhatsApp-Image-2025-12-10-at-16.33.10.jpeg","contentUrl":"https:\/\/malebarraco.com\/blog\/wp-content\/uploads\/2025\/12\/WhatsApp-Image-2025-12-10-at-16.33.10.jpeg","width":687,"height":642},{"@type":"BreadcrumbList","@id":"https:\/\/malebarraco.com\/blog\/mirador-inmobiliario\/#breadcrumb","itemListElement":[{"@type":"ListItem","position":1,"name":"Portada","item":"https:\/\/malebarraco.com\/blog\/"},{"@type":"ListItem","position":2,"name":"Mirador Inmobiliario"}]},{"@type":"WebSite","@id":"https:\/\/malebarraco.com\/blog\/#website","url":"https:\/\/malebarraco.com\/blog\/","name":"Male Barraco Inmobiliaria","description":"Propiedades en Merlo San Luis","publisher":{"@id":"https:\/\/malebarraco.com\/blog\/#organization"},"potentialAction":[{"@type":"SearchAction","target":{"@type":"EntryPoint","urlTemplate":"https:\/\/malebarraco.com\/blog\/?s={search_term_string}"},"query-input":{"@type":"PropertyValueSpecification","valueRequired":true,"valueName":"search_term_string"}}],"inLanguage":"es"},{"@type":"Organization","@id":"https:\/\/malebarraco.com\/blog\/#organization","name":"Male Barraco Inmobiliaria","url":"https:\/\/malebarraco.com\/blog\/","logo":{"@type":"ImageObject","inLanguage":"es","@id":"https:\/\/malebarraco.com\/blog\/#\/schema\/logo\/image\/","url":"https:\/\/malebarraco.com\/blog\/wp-content\/uploads\/2025\/01\/logo-2.png","contentUrl":"https:\/\/malebarraco.com\/blog\/wp-content\/uploads\/2025\/01\/logo-2.png","width":625,"height":203,"caption":"Male Barraco Inmobiliaria"},"image":{"@id":"https:\/\/malebarraco.com\/blog\/#\/schema\/logo\/image\/"}}]}},"uagb_featured_image_src":{"full":false,"thumbnail":false,"medium":false,"medium_large":false,"large":false,"1536x1536":false,"2048x2048":false},"uagb_author_info":{"display_name":"webfy.ar","author_link":"https:\/\/malebarraco.com\/blog\/author\/webfy-ar\/"},"uagb_comment_info":0,"uagb_excerpt":"Mirador Inmobiliario Datos precisos para que tomes decisiones inteligentes. \u00bfSOBRE QU\u00c9 QUER\u00c9S CONOCER? Ya seas desarrollador, inmobiliaria, inversor o curioso del mercado, nuestras estad\u00edsticas te permiten entender mejor el panorama inmobiliario y detectar oportunidades reales. Precios Precio del metro cuadrado en el Corredor ComechingonesInfogram Tipos de unidades Crecimiento de Merlo San LuisInfogram Crecimiento poblacional","_links":{"self":[{"href":"https:\/\/malebarraco.com\/blog\/wp-json\/wp\/v2\/pages\/25901","targetHints":{"allow":["GET"]}}],"collection":[{"href":"https:\/\/malebarraco.com\/blog\/wp-json\/wp\/v2\/pages"}],"about":[{"href":"https:\/\/malebarraco.com\/blog\/wp-json\/wp\/v2\/types\/page"}],"author":[{"embeddable":true,"href":"https:\/\/malebarraco.com\/blog\/wp-json\/wp\/v2\/users\/1"}],"replies":[{"embeddable":true,"href":"https:\/\/malebarraco.com\/blog\/wp-json\/wp\/v2\/comments?post=25901"}],"version-history":[{"count":56,"href":"https:\/\/malebarraco.com\/blog\/wp-json\/wp\/v2\/pages\/25901\/revisions"}],"predecessor-version":[{"id":26028,"href":"https:\/\/malebarraco.com\/blog\/wp-json\/wp\/v2\/pages\/25901\/revisions\/26028"}],"wp:attachment":[{"href":"https:\/\/malebarraco.com\/blog\/wp-json\/wp\/v2\/media?parent=25901"}],"curies":[{"name":"wp","href":"https:\/\/api.w.org\/{rel}","templated":true}]}}